{"id":2193,"date":"2025-08-30T19:36:59","date_gmt":"2025-08-30T23:36:59","guid":{"rendered":"https:\/\/www.ferrehome1.cl\/?post_type=product&#038;p=2193"},"modified":"2025-08-30T19:38:25","modified_gmt":"2025-08-30T23:38:25","slug":"canaleta-legrand-electrica","status":"publish","type":"product","link":"https:\/\/www.ferrehome1.cl\/index.php\/producto\/canaleta-legrand-electrica\/","title":{"rendered":"Canaleta Legrand el\u00e9ctrica"},"content":{"rendered":"\n<p>La canaleta de 1 metro de largo, que facilitar\u00e1 su instalaci\u00f3n en cualquier superficie lisa, sin la necesidad de herramientas adicionales. Permitiendo llevar el cableado dentro de su inmueble de un lugar a otro sin alterar su construcci\u00f3n. Es resistente y no da\u00f1a las superficies de su inmueble, quedando oculto detr\u00e1s de la canaleta, evitando alterar o modificar el dise\u00f1o de interiores.<\/p>\n","protected":false},"excerpt":{"rendered":"<p>Canaleta Legrand el\u00e9ctrica<\/p>\n<p>Material: Pvc<\/p>\n<p>Tama\u00f1o: 20x10x1mtr<\/p>\n<p>Color: blanco<\/p>\n<p>Peso: 300gr<\/p>\n<p>&nbsp;<\/p>\n","protected":false},"featured_media":2208,"comment_status":"open","ping_status":"closed","template":"","meta":[],"product_brand":[],"product_cat":[72],"product_tag":[213,364],"class_list":{"0":"post-2193","1":"product","2":"type-product","3":"status-publish","4":"has-post-thumbnail","6":"product_cat-electricidad","7":"product_tag-canaleta","8":"product_tag-legrand","10":"first","11":"instock","12":"shipping-taxable","13":"purchasable","14":"product-type-simple"},"jetpack_sharing_enabled":true,"_links":{"self":[{"href":"https:\/\/www.ferrehome1.cl\/index.php\/wp-json\/wp\/v2\/product\/2193","targetHints":{"allow":["GET"]}}],"collection":[{"href":"https:\/\/www.ferrehome1.cl\/index.php\/wp-json\/wp\/v2\/product"}],"about":[{"href":"https:\/\/www.ferrehome1.cl\/index.php\/wp-json\/wp\/v2\/types\/product"}],"replies":[{"embeddable":true,"href":"https:\/\/www.ferrehome1.cl\/index.php\/wp-json\/wp\/v2\/comments?post=2193"}],"wp:featuredmedia":[{"embeddable":true,"href":"https:\/\/www.ferrehome1.cl\/index.php\/wp-json\/wp\/v2\/media\/2208"}],"wp:attachment":[{"href":"https:\/\/www.ferrehome1.cl\/index.php\/wp-json\/wp\/v2\/media?parent=2193"}],"wp:term":[{"taxonomy":"product_brand","embeddable":true,"href":"https:\/\/www.ferrehome1.cl\/index.php\/wp-json\/wp\/v2\/product_brand?post=2193"},{"taxonomy":"product_cat","embeddable":true,"href":"https:\/\/www.ferrehome1.cl\/index.php\/wp-json\/wp\/v2\/product_cat?post=2193"},{"taxonomy":"product_tag","embeddable":true,"href":"https:\/\/www.ferrehome1.cl\/index.php\/wp-json\/wp\/v2\/product_tag?post=2193"}],"curies":[{"name":"wp","href":"https:\/\/api.w.org\/{rel}","templated":true}]}}