{"id":1953,"date":"2025-08-22T08:19:19","date_gmt":"2025-08-22T12:19:19","guid":{"rendered":"https:\/\/www.ferrehome1.cl\/?post_type=product&#038;p=1953"},"modified":"2025-09-26T12:16:15","modified_gmt":"2025-09-26T15:16:15","slug":"zinc-v-3mtrs","status":"publish","type":"product","link":"https:\/\/www.ferrehome1.cl\/index.php\/producto\/zinc-v-3mtrs\/","title":{"rendered":"Zinc V 3mtrs"},"content":{"rendered":"<p>L\u00e1mina de acero con ondas en forma V invertida con 0,35 mil\u00edmetros de espesor, 895 mil\u00edmetros de ancho y 3metros de largo.<\/p>\n<p>Recubrimiento de zinc y aluminio en ambas caras.<\/p>\n<p>Calidad del Recubrimiento:\u00a0AZ100<\/p>\n<p>Ancho \u00datil:\u00a0819 mm<\/p>\n","protected":false},"excerpt":{"rendered":"<p>L\u00e1mina de Zinc V<\/p>\n<p>Medidas: 0,35 x 895 x 3 mtrs<\/p>\n<p>Material: Acero<\/p>\n","protected":false},"featured_media":1381,"comment_status":"open","ping_status":"closed","template":"","meta":[],"product_brand":[],"product_cat":[64],"product_tag":[86,90,87],"class_list":{"0":"post-1953","1":"product","2":"type-product","3":"status-publish","4":"has-post-thumbnail","6":"product_cat-techos-aislantes","7":"product_tag-techos","8":"product_tag-v","9":"product_tag-zinc","11":"first","12":"instock","13":"sale","14":"shipping-taxable","15":"purchasable","16":"product-type-simple"},"jetpack_sharing_enabled":true,"_links":{"self":[{"href":"https:\/\/www.ferrehome1.cl\/index.php\/wp-json\/wp\/v2\/product\/1953","targetHints":{"allow":["GET"]}}],"collection":[{"href":"https:\/\/www.ferrehome1.cl\/index.php\/wp-json\/wp\/v2\/product"}],"about":[{"href":"https:\/\/www.ferrehome1.cl\/index.php\/wp-json\/wp\/v2\/types\/product"}],"replies":[{"embeddable":true,"href":"https:\/\/www.ferrehome1.cl\/index.php\/wp-json\/wp\/v2\/comments?post=1953"}],"wp:featuredmedia":[{"embeddable":true,"href":"https:\/\/www.ferrehome1.cl\/index.php\/wp-json\/wp\/v2\/media\/1381"}],"wp:attachment":[{"href":"https:\/\/www.ferrehome1.cl\/index.php\/wp-json\/wp\/v2\/media?parent=1953"}],"wp:term":[{"taxonomy":"product_brand","embeddable":true,"href":"https:\/\/www.ferrehome1.cl\/index.php\/wp-json\/wp\/v2\/product_brand?post=1953"},{"taxonomy":"product_cat","embeddable":true,"href":"https:\/\/www.ferrehome1.cl\/index.php\/wp-json\/wp\/v2\/product_cat?post=1953"},{"taxonomy":"product_tag","embeddable":true,"href":"https:\/\/www.ferrehome1.cl\/index.php\/wp-json\/wp\/v2\/product_tag?post=1953"}],"curies":[{"name":"wp","href":"https:\/\/api.w.org\/{rel}","templated":true}]}}