{"id":1731,"date":"2025-08-13T19:44:03","date_gmt":"2025-08-13T23:44:03","guid":{"rendered":"https:\/\/www.ferrehome1.cl\/?post_type=product&#038;p=1731"},"modified":"2025-08-28T11:12:40","modified_gmt":"2025-08-28T15:12:40","slug":"disco-traslape-4-1-2","status":"publish","type":"product","link":"https:\/\/www.ferrehome1.cl\/index.php\/producto\/disco-traslape-4-1-2\/","title":{"rendered":"Disco traslape 4   1\/2"},"content":{"rendered":"\n<p>Tipo biselado T29. Adaptado a la mayor\u00eda de las amoladoras de aire y el\u00e9ctricas. Alta velocidad de 13.300 revoluciones por minuto (RPM).<\/p>\n\n\n\n<p>Material duradero: los discos abrasivos est\u00e1n hechos de granos de circonita azul de primera calidad. Proporciona una resistencia superior, durabilidad y vida \u00fatil prolongada del disco.<\/p>\n\n\n\n<p>MULTI APLICACI\u00d3N: Los discos de tipo plano\u00a0 son aplicables para acero inoxidable, pintura, metales ferrosos y no ferrosos, madera, pl\u00e1sticos, etc. Ideal para la eliminaci\u00f3n de material pesado y lijado, eliminaci\u00f3n de \u00f3xido, molienda de radio en acero y otros mantenimientos industriales.<\/p>\n\n\n\n<p>M\u00c1S EFICIENTE: Nuestros discos de lijado para amoladora aportan una molienda m\u00e1s estable y eficiente. Formado por part\u00edculas de circonita de grado industrial, el disco funciona durante mucho tiempo con 72 cuchillas biseladas en la parte superior, fibra de vidrio duradera en la parte posterior.<\/p>\n","protected":false},"excerpt":{"rendered":"<p>Disco traslape por 10und 7990<\/p>\n<div>\u00a0Disco de Lijas Traslapado para Metal 20Pcs.<\/div>\n<div>&#8211; Rotaci\u00f3n : 80m\/s &#8211; Di\u00e1metro Exterior : 4.5&#8243; (115mm)<\/div>\n<div>&#8211; Di\u00e1metro Interior : 22mm<\/div>\n<div>&#8211; Velocidad M\u00e1xima : 13600rpm<\/div>\n<div>&#8211; Lija azul.<\/div>\n<div>&#8211; Limpieza de Superficies Met\u00e1licas : Acero, Hierro Fundido, acero inoxidable y Chapa de Acero.<\/div>\n<div>&#8211; Eliminaci\u00f3n de Oxido y Pintura.<\/div>\n<div>&#8211; Eliminaci\u00f3n de Incrustaciones y Corrosi\u00f3n.<\/div>\n","protected":false},"featured_media":1732,"comment_status":"open","ping_status":"closed","template":"","meta":[],"product_brand":[],"product_cat":[68],"product_tag":[245,247],"class_list":{"0":"post-1731","1":"product","2":"type-product","3":"status-publish","4":"has-post-thumbnail","6":"product_cat-abrasivos","7":"product_tag-disco","8":"product_tag-traslape","10":"first","11":"instock","12":"shipping-taxable","13":"purchasable","14":"product-type-simple"},"jetpack_sharing_enabled":true,"_links":{"self":[{"href":"https:\/\/www.ferrehome1.cl\/index.php\/wp-json\/wp\/v2\/product\/1731","targetHints":{"allow":["GET"]}}],"collection":[{"href":"https:\/\/www.ferrehome1.cl\/index.php\/wp-json\/wp\/v2\/product"}],"about":[{"href":"https:\/\/www.ferrehome1.cl\/index.php\/wp-json\/wp\/v2\/types\/product"}],"replies":[{"embeddable":true,"href":"https:\/\/www.ferrehome1.cl\/index.php\/wp-json\/wp\/v2\/comments?post=1731"}],"wp:featuredmedia":[{"embeddable":true,"href":"https:\/\/www.ferrehome1.cl\/index.php\/wp-json\/wp\/v2\/media\/1732"}],"wp:attachment":[{"href":"https:\/\/www.ferrehome1.cl\/index.php\/wp-json\/wp\/v2\/media?parent=1731"}],"wp:term":[{"taxonomy":"product_brand","embeddable":true,"href":"https:\/\/www.ferrehome1.cl\/index.php\/wp-json\/wp\/v2\/product_brand?post=1731"},{"taxonomy":"product_cat","embeddable":true,"href":"https:\/\/www.ferrehome1.cl\/index.php\/wp-json\/wp\/v2\/product_cat?post=1731"},{"taxonomy":"product_tag","embeddable":true,"href":"https:\/\/www.ferrehome1.cl\/index.php\/wp-json\/wp\/v2\/product_tag?post=1731"}],"curies":[{"name":"wp","href":"https:\/\/api.w.org\/{rel}","templated":true}]}}