{"id":1647,"date":"2025-08-12T19:11:23","date_gmt":"2025-08-12T23:11:23","guid":{"rendered":"http:\/\/www.ferrehome1.cl\/?post_type=product&#038;p=1647"},"modified":"2025-08-26T18:10:59","modified_gmt":"2025-08-26T22:10:59","slug":"canaleta-pvc","status":"publish","type":"product","link":"https:\/\/www.ferrehome1.cl\/index.php\/producto\/canaleta-pvc\/","title":{"rendered":"Canaleta PVC"},"content":{"rendered":"\n<p>La Canaleta PVC blanco Vinilit es la soluci\u00f3n ideal para la evacuaci\u00f3n de aguas lluvias en tu hogar. Fabricada en PVC, este producto te ofrece resistencia a golpes y a la corrosi\u00f3n, asegurando una larga duraci\u00f3n. Su f\u00e1cil instalaci\u00f3n con uniones soldadas con adhesivo te permitir\u00e1 completar tu proyecto de manera r\u00e1pida y eficiente. \u00a1No te preocupes por las goteras ni la corrosi\u00f3n, con esta canaleta tendr\u00e1s la tranquilidad que necesitas!<\/p>\n","protected":false},"excerpt":{"rendered":"<p>Canaleta PVC 3 mtrs<\/p>\n","protected":false},"featured_media":1648,"comment_status":"open","ping_status":"closed","template":"","meta":[],"product_brand":[],"product_cat":[66],"product_tag":[213],"class_list":{"0":"post-1647","1":"product","2":"type-product","3":"status-publish","4":"has-post-thumbnail","6":"product_cat-tuberiaspvc","7":"product_tag-canaleta","9":"first","10":"instock","11":"shipping-taxable","12":"purchasable","13":"product-type-simple"},"jetpack_sharing_enabled":true,"_links":{"self":[{"href":"https:\/\/www.ferrehome1.cl\/index.php\/wp-json\/wp\/v2\/product\/1647","targetHints":{"allow":["GET"]}}],"collection":[{"href":"https:\/\/www.ferrehome1.cl\/index.php\/wp-json\/wp\/v2\/product"}],"about":[{"href":"https:\/\/www.ferrehome1.cl\/index.php\/wp-json\/wp\/v2\/types\/product"}],"replies":[{"embeddable":true,"href":"https:\/\/www.ferrehome1.cl\/index.php\/wp-json\/wp\/v2\/comments?post=1647"}],"wp:featuredmedia":[{"embeddable":true,"href":"https:\/\/www.ferrehome1.cl\/index.php\/wp-json\/wp\/v2\/media\/1648"}],"wp:attachment":[{"href":"https:\/\/www.ferrehome1.cl\/index.php\/wp-json\/wp\/v2\/media?parent=1647"}],"wp:term":[{"taxonomy":"product_brand","embeddable":true,"href":"https:\/\/www.ferrehome1.cl\/index.php\/wp-json\/wp\/v2\/product_brand?post=1647"},{"taxonomy":"product_cat","embeddable":true,"href":"https:\/\/www.ferrehome1.cl\/index.php\/wp-json\/wp\/v2\/product_cat?post=1647"},{"taxonomy":"product_tag","embeddable":true,"href":"https:\/\/www.ferrehome1.cl\/index.php\/wp-json\/wp\/v2\/product_tag?post=1647"}],"curies":[{"name":"wp","href":"https:\/\/api.w.org\/{rel}","templated":true}]}}