{"id":1578,"date":"2025-08-12T08:31:27","date_gmt":"2025-08-12T12:31:27","guid":{"rendered":"http:\/\/www.ferrehome1.cl\/?post_type=product&#038;p=1578"},"modified":"2025-08-25T15:27:36","modified_gmt":"2025-08-25T19:27:36","slug":"yeso-espuma-25kg","status":"publish","type":"product","link":"https:\/\/www.ferrehome1.cl\/index.php\/producto\/yeso-espuma-25kg\/","title":{"rendered":"Yeso Espuma 25kg"},"content":{"rendered":"\n<p>El Yeso Espuma Romeral de 25 kg es la soluci\u00f3n ideal para tus proyectos de construcci\u00f3n. Su f\u00e1cil preparaci\u00f3n y aplicaci\u00f3n te permitir\u00e1 terminar tus trabajos de forma r\u00e1pida y eficiente. Este yeso, proveniente de las minas de Romeral en el Valle del Yeso, te ofrece un acabado limpio y est\u00e9tico gracias a su color blanco. \u00a1No pierdas la oportunidad de obtener este producto de calidad y eficiencia!<\/p>\n\n\n\n<p>El Yeso Espuma Romeral se caracteriza por su r\u00e1pido tiempo de secado final, de solo 10 minutos. Su rendimiento de 1.7 m\u00b2 te permitir\u00e1 cubrir una gran superficie con un solo saco. Este yeso es una opci\u00f3n eficiente para diversos proyectos constructivos, ya que te permite ahorrar tiempo y esfuerzo.<\/p>\n","protected":false},"excerpt":{"rendered":"<p>Yeso espuma 25kg<\/p>\n<p>Presentaci\u00f3n: saco<\/p>\n<p>Rendimiento: 1,7 m2<\/p>\n<p>Secado final: 10m<\/p>\n<p>Color: blanco<\/p>\n<p>Marca: Romeral<\/p>\n","protected":false},"featured_media":1579,"comment_status":"open","ping_status":"closed","template":"","meta":[],"product_brand":[],"product_cat":[57],"product_tag":[185,184],"class_list":{"0":"post-1578","1":"product","2":"type-product","3":"status-publish","4":"has-post-thumbnail","6":"product_cat-cemento-adhesivo","7":"product_tag-espuma","8":"product_tag-yeso","10":"first","11":"instock","12":"shipping-taxable","13":"purchasable","14":"product-type-simple"},"jetpack_sharing_enabled":true,"_links":{"self":[{"href":"https:\/\/www.ferrehome1.cl\/index.php\/wp-json\/wp\/v2\/product\/1578","targetHints":{"allow":["GET"]}}],"collection":[{"href":"https:\/\/www.ferrehome1.cl\/index.php\/wp-json\/wp\/v2\/product"}],"about":[{"href":"https:\/\/www.ferrehome1.cl\/index.php\/wp-json\/wp\/v2\/types\/product"}],"replies":[{"embeddable":true,"href":"https:\/\/www.ferrehome1.cl\/index.php\/wp-json\/wp\/v2\/comments?post=1578"}],"wp:featuredmedia":[{"embeddable":true,"href":"https:\/\/www.ferrehome1.cl\/index.php\/wp-json\/wp\/v2\/media\/1579"}],"wp:attachment":[{"href":"https:\/\/www.ferrehome1.cl\/index.php\/wp-json\/wp\/v2\/media?parent=1578"}],"wp:term":[{"taxonomy":"product_brand","embeddable":true,"href":"https:\/\/www.ferrehome1.cl\/index.php\/wp-json\/wp\/v2\/product_brand?post=1578"},{"taxonomy":"product_cat","embeddable":true,"href":"https:\/\/www.ferrehome1.cl\/index.php\/wp-json\/wp\/v2\/product_cat?post=1578"},{"taxonomy":"product_tag","embeddable":true,"href":"https:\/\/www.ferrehome1.cl\/index.php\/wp-json\/wp\/v2\/product_tag?post=1578"}],"curies":[{"name":"wp","href":"https:\/\/api.w.org\/{rel}","templated":true}]}}