{"id":1532,"date":"2025-08-11T14:49:14","date_gmt":"2025-08-11T18:49:14","guid":{"rendered":"https:\/\/www.ferrehome1.cl\/?post_type=product&#038;p=1532"},"modified":"2025-08-22T08:30:23","modified_gmt":"2025-08-22T12:30:23","slug":"zinc-acanalada-pre-pin","status":"publish","type":"product","link":"https:\/\/www.ferrehome1.cl\/index.php\/producto\/zinc-acanalada-pre-pin\/","title":{"rendered":"Zinc acanalada pre pin"},"content":{"rendered":"\n<p>Plancha de acero acanalada en 0,35 mil\u00edmetros de espesor; 851 mil\u00edmetros de ancho y 3 metros de largo en color negro con tama\u00f1o de onda est\u00e1ndar (3\/4) y recubrimiento de zinc y aluminio en ambas caras.<\/p>\n","protected":false},"excerpt":{"rendered":"<p>Zinc acanalada pre pintado negro<\/p>\n<p>Medidas: 0,35 x 3 metros<\/p>\n","protected":false},"featured_media":1529,"comment_status":"open","ping_status":"closed","template":"","meta":[],"product_brand":[],"product_cat":[64],"product_tag":[89,87],"class_list":{"0":"post-1532","1":"product","2":"type-product","3":"status-publish","4":"has-post-thumbnail","6":"product_cat-techos-aislantes","7":"product_tag-acanalada","8":"product_tag-zinc","10":"first","11":"instock","12":"shipping-taxable","13":"purchasable","14":"product-type-simple"},"jetpack_sharing_enabled":true,"_links":{"self":[{"href":"https:\/\/www.ferrehome1.cl\/index.php\/wp-json\/wp\/v2\/product\/1532","targetHints":{"allow":["GET"]}}],"collection":[{"href":"https:\/\/www.ferrehome1.cl\/index.php\/wp-json\/wp\/v2\/product"}],"about":[{"href":"https:\/\/www.ferrehome1.cl\/index.php\/wp-json\/wp\/v2\/types\/product"}],"replies":[{"embeddable":true,"href":"https:\/\/www.ferrehome1.cl\/index.php\/wp-json\/wp\/v2\/comments?post=1532"}],"wp:featuredmedia":[{"embeddable":true,"href":"https:\/\/www.ferrehome1.cl\/index.php\/wp-json\/wp\/v2\/media\/1529"}],"wp:attachment":[{"href":"https:\/\/www.ferrehome1.cl\/index.php\/wp-json\/wp\/v2\/media?parent=1532"}],"wp:term":[{"taxonomy":"product_brand","embeddable":true,"href":"https:\/\/www.ferrehome1.cl\/index.php\/wp-json\/wp\/v2\/product_brand?post=1532"},{"taxonomy":"product_cat","embeddable":true,"href":"https:\/\/www.ferrehome1.cl\/index.php\/wp-json\/wp\/v2\/product_cat?post=1532"},{"taxonomy":"product_tag","embeddable":true,"href":"https:\/\/www.ferrehome1.cl\/index.php\/wp-json\/wp\/v2\/product_tag?post=1532"}],"curies":[{"name":"wp","href":"https:\/\/api.w.org\/{rel}","templated":true}]}}