{"id":1412,"date":"2025-08-08T16:06:03","date_gmt":"2025-08-08T20:06:03","guid":{"rendered":"http:\/\/www.ferrehome1.cl\/?post_type=product&#038;p=1412"},"modified":"2025-08-22T11:02:52","modified_gmt":"2025-08-22T15:02:52","slug":"cadena-acma","status":"publish","type":"product","link":"https:\/\/www.ferrehome1.cl\/index.php\/producto\/cadena-acma\/","title":{"rendered":"Cadena Acma"},"content":{"rendered":"\n<p>La\u00a0<strong>Cadena 1520 Acma<\/strong>\u00a0forma parte de la l\u00ednea\u00a0de fierro y hierro, indicada como estructura de diferentes tipos de proyectos en la construcci\u00f3n. Su composici\u00f3n se da por\u00a0acero trefilado, el cual se destaca por tener una firmeza, resistencia y textura apropiadas, para que lleves a cabo la fabricaci\u00f3n estructural de muros, marcos, ventanas y puertas.<\/p>\n\n\n\n<p>Entre las caracter\u00edsticas de la\u00a0Cadena 1520 Acma,puedes encontrar su ubicaci\u00f3n estrat\u00e9gica entre los estribos y las barras, lo cual permite una estabilidad m\u00e1xima. Los estribos son unidos por electro-soldado, el cual es un proceso de \u00faltima tecnolog\u00eda que te proporciona mayor soporte en la uni\u00f3n. Es compacta y al encontrarse totalmente armada, puedes ahorrar bastante tiempo y mano de obra en su instalaci\u00f3n.<\/p>\n\n\n\n<p>Si estabas buscando la forma de llevar a cabo tus proyectos de construcci\u00f3n con la efectividad y calidad profesional, puedes tener en cuenta esta Cadena como una gran soluci\u00f3n. Los beneficios de la\u00a0Cadena Acma\u00a0son m\u00faltiples y los puedes apreciar debido a su ingenier\u00eda de dise\u00f1o, a su materia prima y a su proceso de fabricaci\u00f3n con tecnolog\u00eda de punta. Adicionalmente, con esta cadena puedes tener el respaldo de que se ha ce\u00f1ido a los m\u00e1s estrictos controles de calidad, que est\u00e1n en concordancia con las normas internacionales.<\/p>\n","protected":false},"excerpt":{"rendered":"<p>Cadena Acma<\/p>\n<p>Medidas: 1520 x 8mm x 4,50<\/p>\n<p>Peso: 9,17kg<\/p>\n<p>&nbsp;<\/p>\n","protected":false},"featured_media":1413,"comment_status":"open","ping_status":"closed","template":"","meta":[],"product_brand":[],"product_cat":[67],"product_tag":[93,103,95,99,91],"class_list":{"0":"post-1412","1":"product","2":"type-product","3":"status-publish","4":"has-post-thumbnail","6":"product_cat-fierro-hierro-malas","7":"product_tag-acma","8":"product_tag-cadena","9":"product_tag-fierros","10":"product_tag-hierro","11":"product_tag-malla","13":"first","14":"instock","15":"shipping-taxable","16":"purchasable","17":"product-type-simple"},"jetpack_sharing_enabled":true,"_links":{"self":[{"href":"https:\/\/www.ferrehome1.cl\/index.php\/wp-json\/wp\/v2\/product\/1412","targetHints":{"allow":["GET"]}}],"collection":[{"href":"https:\/\/www.ferrehome1.cl\/index.php\/wp-json\/wp\/v2\/product"}],"about":[{"href":"https:\/\/www.ferrehome1.cl\/index.php\/wp-json\/wp\/v2\/types\/product"}],"replies":[{"embeddable":true,"href":"https:\/\/www.ferrehome1.cl\/index.php\/wp-json\/wp\/v2\/comments?post=1412"}],"wp:featuredmedia":[{"embeddable":true,"href":"https:\/\/www.ferrehome1.cl\/index.php\/wp-json\/wp\/v2\/media\/1413"}],"wp:attachment":[{"href":"https:\/\/www.ferrehome1.cl\/index.php\/wp-json\/wp\/v2\/media?parent=1412"}],"wp:term":[{"taxonomy":"product_brand","embeddable":true,"href":"https:\/\/www.ferrehome1.cl\/index.php\/wp-json\/wp\/v2\/product_brand?post=1412"},{"taxonomy":"product_cat","embeddable":true,"href":"https:\/\/www.ferrehome1.cl\/index.php\/wp-json\/wp\/v2\/product_cat?post=1412"},{"taxonomy":"product_tag","embeddable":true,"href":"https:\/\/www.ferrehome1.cl\/index.php\/wp-json\/wp\/v2\/product_tag?post=1412"}],"curies":[{"name":"wp","href":"https:\/\/api.w.org\/{rel}","templated":true}]}}